rime factors of 78582.
2, 3, 7, 1871
List the prime factors of 1494.
2, 3, 83
What are the prime factors of 857?
857
List the prime factors of 113371.
113371
What are the prime factors of 21575?
5, 863
What are the prime factors of 20660?
2, 5, 1033
List the prime factors of 2001.
3, 23, 29
What are the prime factors of 53?
53
List the prime factors of 5332.
2, 31, 43
What are the prime factors of 2859?
3, 953
List the prime factors of 1356.
2, 3, 113
List the prime factors of 1065.
3, 5, 71
What are the prime factors of 891?
3, 11
What are the prime factors of 140?
2, 5, 7
List the prime factors of 4220.
2, 5, 211
List the prime factors of 11160.
2, 3, 5, 31
What are the prime factors of 2040?
2, 3, 5, 17
List the prime factors of 380.
2, 5, 19
What are the prime factors of 3484?
2, 13, 67
What are the prime factors of 19067?
23, 829
What are the prime factors of 851?
23, 37
List the prime factors of 22923.
3, 283
What are the prime factors of 8460?
2, 3, 5, 47
List the prime factors of 5095.
5, 1019
What are the prime factors of 8887?
8887
What are the prime factors of 113333?
11, 10303
What are the prime factors of 7756?
2, 7, 277
What are the prime factors of 3136?
2, 7
What are the prime factors of 2298?
2, 3, 383
What are the prime factors of 6194?
2, 19, 163
List the prime factors of 8988.
2, 3, 7, 107
What are the prime factors of 3005?
5, 601
List the prime factors of 110656.
2, 7, 13, 19
What are the prime factors of 48847?
48847
List the prime factors of 1455.
3, 5, 97
What are the prime factors of 117923?
13, 47, 193
List the prime factors of 199.
199
List the prime factors of 7003.
47, 149
List the prime factors of 446.
2, 223
List the prime factors of 12654.
2, 3, 19, 37
List the prime factors of 464.
2, 29
What are the prime factors of 4879?
7, 17, 41
List the prime factors of 7052.
2, 41, 43
List the prime factors of 11690.
2, 5, 7, 167
List the prime factors of 1121.
19, 59
What are the prime factors of 56565?
3, 5, 419
What are the prime factors of 3306?
2, 3, 19, 29
List the prime factors of 282.
2, 3, 47
What are the prime factors of 3545?
5, 709
List the prime factors of 13393.
59, 227
What are the prime factors of 4191?
3, 11, 127
What are the prime factors of 9924?
2, 3, 827
What are the prime factors of 6383?
13, 491
List the prime factors of 19004.
2, 4751
What are the prime factors of 330?
2, 3, 5, 11
What are the prime factors of 1695?
3, 5, 113
List the prime factors of 5772.
2, 3, 13, 37
What are the prime factors of 6375?
3, 5, 17
List the prime factors of 758.
2, 379
What are the prime factors of 7079?
7079
What are the prime factors of 13261?
89, 149
What are the prime factors of 3719?
3719
What are the prime factors of 2026?
2, 1013
List the prime factors of 5139.
3, 571
List the prime factors of 17649.
3, 37, 53
List the prime factors of 701.
701
What are the prime factors of 96008?
2, 11, 1091
What are the prime factors of 2781?
3, 103
What are the prime factors of 40421?
83, 487
List the prime factors of 1319.
1319
What are the prime factors of 1403?
23, 61
What are the prime factors of 1840?
2, 5, 23
List the prime factors of 43764.
2, 3, 7, 521
List the prime factors of 10466.
2, 5233
What are the prime factors of 2359?
7, 337
List the prime factors of 1362.
2, 3, 227
List the prime factors of 81289.
13, 37
List the prime factors of 6152.
2, 769
List the prime factors of 3794.
2, 7, 271
List the prime factors of 29058.
2, 3, 29, 167
List the prime factors of 46752.
2, 3, 487
List the prime factors of 25537.
25537
What are the prime factors of 1130?
2, 5, 113
What are the prime factors of 46?
2, 23
What are the prime factors of 122487?
3, 40829
List the prime factors of 138280.
2, 5, 3457
What are the prime factors of 30733?
73, 421
List the prime factors of 100031.
67, 1493
What are the prime factors of 33195?
3, 5, 2213
What are the prime factors of 133?
7, 19
What are the prime factors of 2212?
2, 7, 79
What are the prime factors of 701?
701
List the prime factors of 1506.
2, 3, 251
List the prime factors of 39599.
7, 5657
List the prime factors of 9848.
2, 1231
List the prime factors of 3074.
2, 29, 53
What are the prime factors of 1740?
2, 3, 5, 29
List the prime factors of 34.
2, 17
List the prime factors of 204.
2, 3, 17
List the prime factors of 36653.
36653
List the prime factors of 79877.
7, 11411
What are the prime factors of 6094?
2, 11, 277
List the prime factors of 690.
2, 3, 5, 23
What are the prime factors of 298?
2, 149
What are the prime factors of 1007?
19, 53
What are the prime factors of 3706?
2, 17, 109
List the prime factors of 23517.
3, 13, 67
What are the prime factors of 60497?
60497
What are the prime factors of 50785?
5, 7, 1451
List the prime factors of 32118.
2, 3, 53, 101
What are the prime factors of 4702?
2, 2351
What are the prime factors of 24008?
2, 3001
List the prime factors of 80262.
2, 3, 7, 13
List the prime factors of 4206.
2, 3, 701
List the prime factors of 573.
3, 191
List the prime factors of 581.
7, 83
List the prime factors of 5822.
2, 41, 71
What are the prime factors of 2472?
2, 3, 103
List the prime factors of 849.
3, 283
List the prime factors of 33971.
7, 23, 211
List the prime factors of 1041.
3, 347
List the prime factors of 73559.
17, 4327
What are the prime factors of 26181?
3, 2909
List the prime factors of 68229.
3, 7, 19
List the prime factors of 346.
2, 173
What are the prime factors of 22172?
2, 23, 241
What are the prime factors of 16778?
2, 8389
List the prime factors of 1181.
1181
What are the prime factors of 37538?
2, 137
List the prime factors of 1613.
1613
What are the prime factors of 17360?
2, 5, 7, 31
List the prime factors of 13082.
2, 31, 211
List the prime factors of 70818.
2, 3, 11, 29, 37
List the prime factors of 24339.
3, 7, 19, 61
List the prime factors of 324.
2, 3
What are the prime factors of 15350?
2, 5, 307
What are the prime factors of 1086?
2, 3, 181
List the prime factors of 75237.
3, 31, 809
What are the prime factors of 405?
3, 5
What are the prime factors of 293?
293
What are the prime factors of 90?
2, 3, 5
What are the prime factors of 548?
2, 137
What are the prime factors of 65655?
3, 5, 1459
What are the prime factors of 10662?
2, 3, 1777
What are the prime factors of 12925?
5, 11, 47
List the prime factors of 42127.
103, 409
List the prime factors of 1543.
1543
List the prime factors of 45710.
2, 5, 7, 653
What are the prime factors of 9051?
3, 7, 431
List the prime factors of 11474.
2, 5737
What are the prime factors of 167149?
167149
List the prime factors of 6300.
2, 3, 5, 7
What are the prime factors of 12461?
17, 733
List the prime factors of 1996.
2, 499
List the prime factors of 2441.
2441
List the prime factors of 16469.
43, 383
List the prime factors of 7161.
3, 7, 11, 31
What are the prime factors of 23492?
2, 7, 839
List the prime factors of 1252.
2, 313
What are the prime factors of 7605?
3, 5, 13
List the prime factors of 995.
5, 199
What are the prime factors of 1669?
1669
List the prime factors of 746.
2, 373
What are the prime factors of 20250?
2, 3, 5
List the prime factors of 29039.
71, 409
List the prime factors of 31162.
2, 15581
What are the prime factors of 3529?
3529
List the prime factors of 16682.
2, 19, 439
What are the prime factors of 8831?
8831
What are the prime factors of 182475?
3, 5, 811
List the prime factors of 568.
2, 71
List the prime factors of 66295.
5, 13259
What are the prime factors of 524?
2, 131
What are the prime factors of 2341?
2341
List the prime factors of 124.
2, 31
List the prime factors of 38835.
3, 5, 863
List the prime factors of 9876.
2, 3, 823
List the prime factors of 124859.
7, 17837
What are the prime factors of 5190?
2, 3, 5, 173
What are the prime factors of 10996?
2, 2749
What are the prime factors of 338?
2, 13
List the prime factors of 79843.
79843
List the prime factors of 47116.
2, 11779
What are the prime factors of 1650?
2, 3, 5, 11
What are the prime factors of 1143?
3, 127
What are the prime factors of 6058?
2, 13, 233
What are the prime factors of 3599?
59, 61
What are the prime factors of 3617?
3617
What are the prime factors of 7491?
3, 11, 227
List the prime factors of 16156.
2, 7, 577
List the prime factors of 649.
11, 59
List the pr